{"id":458,"date":"2021-07-09T12:50:43","date_gmt":"2021-07-09T12:50:43","guid":{"rendered":"http:\/\/www.aneta.jetzt\/?page_id=458"},"modified":"2022-10-02T18:42:57","modified_gmt":"2022-10-02T18:42:57","slug":"zwischenkultur_","status":"publish","type":"page","link":"http:\/\/www.aneta.jetzt\/?page_id=458","title":{"rendered":"Zwischenkultur_"},"content":{"rendered":"\n<h2 class=\"wp-block-heading\">Kunst:Diskurs:Interkultur<\/h2>\n\n\n\n<p>Exhibition space at <a href=\"https:\/\/thedessous.com\/\" target=\"_blank\" rel=\"noreferrer noopener\">&#8222;The Dessous&#8220;<\/a>, Geblergasse 101, 1170 Wien<\/p>\n\n\n\n<p>inBEtween-project, 24.7.2021<\/p>\n\n\n\n<figure class=\"wp-block-image size-large\"><img loading=\"lazy\" decoding=\"async\" width=\"1024\" height=\"682\" src=\"http:\/\/www.aneta.jetzt\/wp-content\/uploads\/2021\/10\/anetaluberdajetzt-1024x682.jpeg\" alt=\"\" class=\"wp-image-480\" srcset=\"http:\/\/www.aneta.jetzt\/wp-content\/uploads\/2021\/10\/anetaluberdajetzt-1024x682.jpeg 1024w, http:\/\/www.aneta.jetzt\/wp-content\/uploads\/2021\/10\/anetaluberdajetzt-300x200.jpeg 300w, http:\/\/www.aneta.jetzt\/wp-content\/uploads\/2021\/10\/anetaluberdajetzt-768x512.jpeg 768w, http:\/\/www.aneta.jetzt\/wp-content\/uploads\/2021\/10\/anetaluberdajetzt-1200x800.jpeg 1200w, http:\/\/www.aneta.jetzt\/wp-content\/uploads\/2021\/10\/anetaluberdajetzt.jpeg 1280w\" sizes=\"auto, (max-width: 1024px) 100vw, 1024px\" \/><figcaption><strong>_Nargol Ghara<\/strong>, <strong>_Aneta Lube<\/strong>rda<\/figcaption><\/figure>\n\n\n\n<p>Lernen mit allen, lernen durch alle. Verantwortung. Raum. Abgrenzung. Muss Kultur gelebter Diskurs sein und wie kann sich dieser in der Kunst wiederfinden? Schafft Kunst Identit\u00e4t? <\/p>\n\n\n\n<p>Sprache, Diversit\u00e4t und Interkulturelle Themen pr\u00e4gen immer mehr politische Diskussionen und gesellschaftliche Weichenstellungen. Aus der jungen Kunstszene sind diese Begriffe nicht mehr wegzudenken. In diesem Panel sprechen Expert*innen der P\u00e4dagogik und Kunst \u00fcber die Freiheit der Identit\u00e4tsfindung, die Unterst\u00fctzung dieser in der\/durch die Kunst sowie die folgen dessen. Und dar\u00fcber wieso es wichtig ist zu spielen.<\/p>\n\n\n\n<p><strong>_Nargol Gharahshir<\/strong>&nbsp;studiert Kunstp\u00e4dagogik an der Universit\u00e4t<\/p>\n\n\n\n<p>f\u00fcr angewandte Kunst Wien. Ihre T\u00e4tigkeit als Studienassistentin der Kunstdidaktik gestaltet ihren Lernprozess, indem sie sich intensiv mit Vermittlungsstrategien auseinandersetzt \u2013 ihr pers\u00f6nlicher Forschungsschwerpunkt liegt dabei in der Empathief\u00f6rderung.<\/p>\n\n\n\n<p><strong>_Aneta Luberda<\/strong>&nbsp;lebt und arbeitet in Wien und setzt dabei ihren Forschungsschwerpunkt auf die Themen: Transparenz, Raum, Syn\u00e4sthesien und Realit\u00e4t. Ihre k\u00fcnstlerische Arbeit folgt dem Gedanken des naturalistischen Sekundenstils. Filmisches, szenisches Empfinden durch- fochten mit individuellen Wahrnehmungswelten, hinterlegt von Einfl\u00fcssen aus den Massenmedien ist ihr Kernmaterial<\/p>\n\n\n\n<figure class=\"wp-block-gallery has-nested-images columns-default is-cropped wp-block-gallery-1 is-layout-flex wp-block-gallery-is-layout-flex\">\n<figure class=\"wp-block-image size-full is-style-default\"><img loading=\"lazy\" decoding=\"async\" width=\"640\" height=\"800\" data-id=\"478\" src=\"http:\/\/www.aneta.jetzt\/wp-content\/uploads\/2021\/10\/anetaluberda.jpeg\" alt=\"\" class=\"wp-image-478\" srcset=\"http:\/\/www.aneta.jetzt\/wp-content\/uploads\/2021\/10\/anetaluberda.jpeg 640w, http:\/\/www.aneta.jetzt\/wp-content\/uploads\/2021\/10\/anetaluberda-240x300.jpeg 240w\" sizes=\"auto, (max-width: 640px) 100vw, 640px\" \/><figcaption>Aneta Luberda, Exhibition Space at Dessous, Juli 2021<\/figcaption><\/figure>\n<\/figure>\n\n\n\n<pre class=\"wp-block-preformatted\"><strong>\u00a9<\/strong> Fotos: merci beaucoup <a href=\"https:\/\/thedessous.com\/\" target=\"_blank\" rel=\"noreferrer noopener\">\"The Dessous\"<\/a><\/pre>\n","protected":false},"excerpt":{"rendered":"<p>Kunst:Diskurs:Interkultur Exhibition space at &#8222;The Dessous&#8220;, Geblergasse 101, 1170 Wien inBEtween-project, 24.7.2021 Lernen mit allen, lernen durch alle. Verantwortung. Raum. Abgrenzung. Muss Kultur gelebter Diskurs sein und wie kann sich dieser in der Kunst wiederfinden? Schafft Kunst Identit\u00e4t? Sprache, Diversit\u00e4t und Interkulturelle Themen pr\u00e4gen immer mehr politische Diskussionen und gesellschaftliche Weichenstellungen. Aus der jungen Kunstszene &hellip; <\/p>\n","protected":false},"author":1,"featured_media":460,"parent":0,"menu_order":0,"comment_status":"closed","ping_status":"closed","template":"","meta":{"footnotes":""},"class_list":["post-458","page","type-page","status-publish","has-post-thumbnail","hentry"],"yoast_head":"<!-- This site is optimized with the Yoast SEO plugin v24.9 - https:\/\/yoast.com\/wordpress\/plugins\/seo\/ -->\n<title>Zwischenkultur_ - Living Picture<\/title>\n<meta name=\"description\" content=\"inBEtween-project, 24.7.2021, P A N E L S, Aneta Luberda, Exhibition space at &quot;The Dessous&quot;, Geblergasse 101, 1170 Wien\" \/>\n<meta name=\"robots\" content=\"index, follow, max-snippet:-1, max-image-preview:large, max-video-preview:-1\" \/>\n<link rel=\"canonical\" href=\"http:\/\/www.aneta.jetzt\/?page_id=458\" \/>\n<meta property=\"og:locale\" content=\"de_DE\" \/>\n<meta property=\"og:type\" content=\"article\" \/>\n<meta property=\"og:title\" content=\"Zwischenkultur_ - Living Picture\" \/>\n<meta property=\"og:description\" content=\"inBEtween-project, 24.7.2021, P A N E L S, Aneta Luberda, Exhibition space at &quot;The Dessous&quot;, Geblergasse 101, 1170 Wien\" \/>\n<meta property=\"og:url\" content=\"http:\/\/www.aneta.jetzt\/?page_id=458\" \/>\n<meta property=\"og:site_name\" content=\"Living Picture\" \/>\n<meta property=\"article:modified_time\" content=\"2022-10-02T18:42:57+00:00\" \/>\n<meta property=\"og:image\" content=\"http:\/\/www.aneta.jetzt\/wp-content\/uploads\/2021\/07\/Bildschirmfoto-2021-07-09-um-14.48.04.png\" \/>\n\t<meta property=\"og:image:width\" content=\"1328\" \/>\n\t<meta property=\"og:image:height\" content=\"408\" \/>\n\t<meta property=\"og:image:type\" content=\"image\/png\" \/>\n<meta name=\"twitter:card\" content=\"summary_large_image\" \/>\n<meta name=\"twitter:label1\" content=\"Gesch\u00e4tzte Lesezeit\" \/>\n\t<meta name=\"twitter:data1\" content=\"2\u00a0Minuten\" \/>\n<script type=\"application\/ld+json\" class=\"yoast-schema-graph\">{\"@context\":\"https:\/\/schema.org\",\"@graph\":[{\"@type\":\"WebPage\",\"@id\":\"http:\/\/www.aneta.jetzt\/?page_id=458\",\"url\":\"http:\/\/www.aneta.jetzt\/?page_id=458\",\"name\":\"Zwischenkultur_ - Living Picture\",\"isPartOf\":{\"@id\":\"http:\/\/www.aneta.jetzt\/#website\"},\"primaryImageOfPage\":{\"@id\":\"http:\/\/www.aneta.jetzt\/?page_id=458#primaryimage\"},\"image\":{\"@id\":\"http:\/\/www.aneta.jetzt\/?page_id=458#primaryimage\"},\"thumbnailUrl\":\"http:\/\/www.aneta.jetzt\/wp-content\/uploads\/2021\/07\/Bildschirmfoto-2021-07-09-um-14.48.04.png\",\"datePublished\":\"2021-07-09T12:50:43+00:00\",\"dateModified\":\"2022-10-02T18:42:57+00:00\",\"description\":\"inBEtween-project, 24.7.2021, P A N E L S, Aneta Luberda, Exhibition space at \\\"The Dessous\\\", Geblergasse 101, 1170 Wien\",\"breadcrumb\":{\"@id\":\"http:\/\/www.aneta.jetzt\/?page_id=458#breadcrumb\"},\"inLanguage\":\"de\",\"potentialAction\":[{\"@type\":\"ReadAction\",\"target\":[\"http:\/\/www.aneta.jetzt\/?page_id=458\"]}]},{\"@type\":\"ImageObject\",\"inLanguage\":\"de\",\"@id\":\"http:\/\/www.aneta.jetzt\/?page_id=458#primaryimage\",\"url\":\"http:\/\/www.aneta.jetzt\/wp-content\/uploads\/2021\/07\/Bildschirmfoto-2021-07-09-um-14.48.04.png\",\"contentUrl\":\"http:\/\/www.aneta.jetzt\/wp-content\/uploads\/2021\/07\/Bildschirmfoto-2021-07-09-um-14.48.04.png\",\"width\":1328,\"height\":408},{\"@type\":\"BreadcrumbList\",\"@id\":\"http:\/\/www.aneta.jetzt\/?page_id=458#breadcrumb\",\"itemListElement\":[{\"@type\":\"ListItem\",\"position\":1,\"name\":\"Startseite\",\"item\":\"http:\/\/www.aneta.jetzt\/\"},{\"@type\":\"ListItem\",\"position\":2,\"name\":\"Zwischenkultur_\"}]},{\"@type\":\"WebSite\",\"@id\":\"http:\/\/www.aneta.jetzt\/#website\",\"url\":\"http:\/\/www.aneta.jetzt\/\",\"name\":\"Living Picture\",\"description\":\"\",\"publisher\":{\"@id\":\"http:\/\/www.aneta.jetzt\/#\/schema\/person\/4ea909d89f15635d963dca48fc874a84\"},\"potentialAction\":[{\"@type\":\"SearchAction\",\"target\":{\"@type\":\"EntryPoint\",\"urlTemplate\":\"http:\/\/www.aneta.jetzt\/?s={search_term_string}\"},\"query-input\":{\"@type\":\"PropertyValueSpecification\",\"valueRequired\":true,\"valueName\":\"search_term_string\"}}],\"inLanguage\":\"de\"},{\"@type\":[\"Person\",\"Organization\"],\"@id\":\"http:\/\/www.aneta.jetzt\/#\/schema\/person\/4ea909d89f15635d963dca48fc874a84\",\"name\":\"admin\",\"image\":{\"@type\":\"ImageObject\",\"inLanguage\":\"de\",\"@id\":\"http:\/\/www.aneta.jetzt\/#\/schema\/person\/image\/\",\"url\":\"http:\/\/www.aneta.jetzt\/wp-content\/uploads\/2020\/12\/dragonfly512.png\",\"contentUrl\":\"http:\/\/www.aneta.jetzt\/wp-content\/uploads\/2020\/12\/dragonfly512.png\",\"width\":512,\"height\":372,\"caption\":\"admin\"},\"logo\":{\"@id\":\"http:\/\/www.aneta.jetzt\/#\/schema\/person\/image\/\"},\"sameAs\":[\"http:\/\/www.aneta.jetzt\"]}]}<\/script>\n<!-- \/ Yoast SEO plugin. -->","yoast_head_json":{"title":"Zwischenkultur_ - Living Picture","description":"inBEtween-project, 24.7.2021, P A N E L S, Aneta Luberda, Exhibition space at \"The Dessous\", Geblergasse 101, 1170 Wien","robots":{"index":"index","follow":"follow","max-snippet":"max-snippet:-1","max-image-preview":"max-image-preview:large","max-video-preview":"max-video-preview:-1"},"canonical":"http:\/\/www.aneta.jetzt\/?page_id=458","og_locale":"de_DE","og_type":"article","og_title":"Zwischenkultur_ - Living Picture","og_description":"inBEtween-project, 24.7.2021, P A N E L S, Aneta Luberda, Exhibition space at \"The Dessous\", Geblergasse 101, 1170 Wien","og_url":"http:\/\/www.aneta.jetzt\/?page_id=458","og_site_name":"Living Picture","article_modified_time":"2022-10-02T18:42:57+00:00","og_image":[{"width":1328,"height":408,"url":"http:\/\/www.aneta.jetzt\/wp-content\/uploads\/2021\/07\/Bildschirmfoto-2021-07-09-um-14.48.04.png","type":"image\/png"}],"twitter_card":"summary_large_image","twitter_misc":{"Gesch\u00e4tzte Lesezeit":"2\u00a0Minuten"},"schema":{"@context":"https:\/\/schema.org","@graph":[{"@type":"WebPage","@id":"http:\/\/www.aneta.jetzt\/?page_id=458","url":"http:\/\/www.aneta.jetzt\/?page_id=458","name":"Zwischenkultur_ - Living Picture","isPartOf":{"@id":"http:\/\/www.aneta.jetzt\/#website"},"primaryImageOfPage":{"@id":"http:\/\/www.aneta.jetzt\/?page_id=458#primaryimage"},"image":{"@id":"http:\/\/www.aneta.jetzt\/?page_id=458#primaryimage"},"thumbnailUrl":"http:\/\/www.aneta.jetzt\/wp-content\/uploads\/2021\/07\/Bildschirmfoto-2021-07-09-um-14.48.04.png","datePublished":"2021-07-09T12:50:43+00:00","dateModified":"2022-10-02T18:42:57+00:00","description":"inBEtween-project, 24.7.2021, P A N E L S, Aneta Luberda, Exhibition space at \"The Dessous\", Geblergasse 101, 1170 Wien","breadcrumb":{"@id":"http:\/\/www.aneta.jetzt\/?page_id=458#breadcrumb"},"inLanguage":"de","potentialAction":[{"@type":"ReadAction","target":["http:\/\/www.aneta.jetzt\/?page_id=458"]}]},{"@type":"ImageObject","inLanguage":"de","@id":"http:\/\/www.aneta.jetzt\/?page_id=458#primaryimage","url":"http:\/\/www.aneta.jetzt\/wp-content\/uploads\/2021\/07\/Bildschirmfoto-2021-07-09-um-14.48.04.png","contentUrl":"http:\/\/www.aneta.jetzt\/wp-content\/uploads\/2021\/07\/Bildschirmfoto-2021-07-09-um-14.48.04.png","width":1328,"height":408},{"@type":"BreadcrumbList","@id":"http:\/\/www.aneta.jetzt\/?page_id=458#breadcrumb","itemListElement":[{"@type":"ListItem","position":1,"name":"Startseite","item":"http:\/\/www.aneta.jetzt\/"},{"@type":"ListItem","position":2,"name":"Zwischenkultur_"}]},{"@type":"WebSite","@id":"http:\/\/www.aneta.jetzt\/#website","url":"http:\/\/www.aneta.jetzt\/","name":"Living Picture","description":"","publisher":{"@id":"http:\/\/www.aneta.jetzt\/#\/schema\/person\/4ea909d89f15635d963dca48fc874a84"},"potentialAction":[{"@type":"SearchAction","target":{"@type":"EntryPoint","urlTemplate":"http:\/\/www.aneta.jetzt\/?s={search_term_string}"},"query-input":{"@type":"PropertyValueSpecification","valueRequired":true,"valueName":"search_term_string"}}],"inLanguage":"de"},{"@type":["Person","Organization"],"@id":"http:\/\/www.aneta.jetzt\/#\/schema\/person\/4ea909d89f15635d963dca48fc874a84","name":"admin","image":{"@type":"ImageObject","inLanguage":"de","@id":"http:\/\/www.aneta.jetzt\/#\/schema\/person\/image\/","url":"http:\/\/www.aneta.jetzt\/wp-content\/uploads\/2020\/12\/dragonfly512.png","contentUrl":"http:\/\/www.aneta.jetzt\/wp-content\/uploads\/2020\/12\/dragonfly512.png","width":512,"height":372,"caption":"admin"},"logo":{"@id":"http:\/\/www.aneta.jetzt\/#\/schema\/person\/image\/"},"sameAs":["http:\/\/www.aneta.jetzt"]}]}},"_links":{"self":[{"href":"http:\/\/www.aneta.jetzt\/index.php?rest_route=\/wp\/v2\/pages\/458","targetHints":{"allow":["GET"]}}],"collection":[{"href":"http:\/\/www.aneta.jetzt\/index.php?rest_route=\/wp\/v2\/pages"}],"about":[{"href":"http:\/\/www.aneta.jetzt\/index.php?rest_route=\/wp\/v2\/types\/page"}],"author":[{"embeddable":true,"href":"http:\/\/www.aneta.jetzt\/index.php?rest_route=\/wp\/v2\/users\/1"}],"replies":[{"embeddable":true,"href":"http:\/\/www.aneta.jetzt\/index.php?rest_route=%2Fwp%2Fv2%2Fcomments&post=458"}],"version-history":[{"count":12,"href":"http:\/\/www.aneta.jetzt\/index.php?rest_route=\/wp\/v2\/pages\/458\/revisions"}],"predecessor-version":[{"id":558,"href":"http:\/\/www.aneta.jetzt\/index.php?rest_route=\/wp\/v2\/pages\/458\/revisions\/558"}],"wp:featuredmedia":[{"embeddable":true,"href":"http:\/\/www.aneta.jetzt\/index.php?rest_route=\/wp\/v2\/media\/460"}],"wp:attachment":[{"href":"http:\/\/www.aneta.jetzt\/index.php?rest_route=%2Fwp%2Fv2%2Fmedia&parent=458"}],"curies":[{"name":"wp","href":"https:\/\/api.w.org\/{rel}","templated":true}]}}