{"id":110,"date":"2020-12-16T13:31:34","date_gmt":"2020-12-16T13:31:34","guid":{"rendered":"http:\/\/www.aneta.jetzt\/?page_id=110"},"modified":"2020-12-17T23:51:04","modified_gmt":"2020-12-17T23:51:04","slug":"sensible-room","status":"publish","type":"page","link":"http:\/\/www.aneta.jetzt\/?page_id=110","title":{"rendered":"Sensible Room"},"content":{"rendered":"\n<p>Imagine All the Data, Gruppenausstellung, Heiligenkreuzerhof, Wien, Oktober 2018 &#8222;Bomb all the Servers\u201c<br>Siebdrucke<br>&#8222;Sensible Room\u201c&nbsp;<\/p>\n\n\n\n<p>Raum Video Installation&nbsp;<\/p>\n\n\n\n<h1 class=\"wp-block-heading\">IMAGINE ALL THE DATA<\/h1>\n\n\n\n<h2 class=\"wp-block-heading\">Cyberaktivismus und Widerstand in der digitalen Welt<\/h2>\n\n\n\n<p>Eine Ausstellung der Studierenden der Abteilung kkp (Kunst und Kommunikative Praxis) der Universit\u00e4t f\u00fcr angewandte Kunst Wien:<br>Rosie Benn, Jakob Brandst\u00e4tter, Julia Fromm, Milena R. Heussler, Aneta Luberda, Magdalena Grimburg, Mona Radziabari, Eva-Maria Scherl, Rebecca Sternberg und Timon Urwalek<\/p>\n\n\n\n<p>Kuratorische Begleitung: Martin Krenn (Priv.-Doz., Kunst und Kommunikative Praxis)<\/p>\n\n\n\n<p>Die Ausstellung Imagine All The Data versammelt unterschiedliche k\u00fcnstlerische Strategien und Techniken, mit dem Ziel Machtstrukturen und \u00dcberwachungsszenarien in der digitalen Welt aufzuzeigen und der Kommerzialisierung der Kommunikation in den sozialen Medien entgegenzuwirken. Die Exponate in der Ausstellung werfen technologische, \u00e4sthetische sowie philosophische Fragen auf und regen die Betrachter*innen zur Reflexion \u00fcber ihr \u201edigitales Alltagsleben\u201c an.<\/p>\n","protected":false},"excerpt":{"rendered":"<p>Imagine All the Data, Gruppenausstellung, Heiligenkreuzerhof, Wien, Oktober 2018 &#8222;Bomb all the Servers\u201cSiebdrucke&#8222;Sensible Room\u201c&nbsp; Raum Video Installation&nbsp; IMAGINE ALL THE DATA Cyberaktivismus und Widerstand in der digitalen Welt Eine Ausstellung der Studierenden der Abteilung kkp (Kunst und Kommunikative Praxis) der Universit\u00e4t f\u00fcr angewandte Kunst Wien:Rosie Benn, Jakob Brandst\u00e4tter, Julia Fromm, Milena R. Heussler, Aneta Luberda, &hellip; <\/p>\n","protected":false},"author":1,"featured_media":111,"parent":0,"menu_order":0,"comment_status":"closed","ping_status":"closed","template":"","meta":{"footnotes":""},"class_list":["post-110","page","type-page","status-publish","has-post-thumbnail","hentry"],"yoast_head":"<!-- This site is optimized with the Yoast SEO plugin v24.9 - https:\/\/yoast.com\/wordpress\/plugins\/seo\/ -->\n<title>Sensible Room - Living Picture<\/title>\n<meta name=\"robots\" content=\"index, follow, max-snippet:-1, max-image-preview:large, max-video-preview:-1\" \/>\n<link rel=\"canonical\" href=\"http:\/\/www.aneta.jetzt\/?page_id=110\" \/>\n<meta property=\"og:locale\" content=\"de_DE\" \/>\n<meta property=\"og:type\" content=\"article\" \/>\n<meta property=\"og:title\" content=\"Sensible Room - Living Picture\" \/>\n<meta property=\"og:description\" content=\"Imagine All the Data, Gruppenausstellung, Heiligenkreuzerhof, Wien, Oktober 2018 &#8222;Bomb all the Servers\u201cSiebdrucke&#8222;Sensible Room\u201c&nbsp; Raum Video Installation&nbsp; IMAGINE ALL THE DATA Cyberaktivismus und Widerstand in der digitalen Welt Eine Ausstellung der Studierenden der Abteilung kkp (Kunst und Kommunikative Praxis) der Universit\u00e4t f\u00fcr angewandte Kunst Wien:Rosie Benn, Jakob Brandst\u00e4tter, Julia Fromm, Milena R. Heussler, Aneta Luberda, &hellip;\" \/>\n<meta property=\"og:url\" content=\"http:\/\/www.aneta.jetzt\/?page_id=110\" \/>\n<meta property=\"og:site_name\" content=\"Living Picture\" \/>\n<meta property=\"article:modified_time\" content=\"2020-12-17T23:51:04+00:00\" \/>\n<meta property=\"og:image\" content=\"http:\/\/www.aneta.jetzt\/wp-content\/uploads\/2020\/12\/Bildschirmfoto-2020-12-16-um-14.31.29.png\" \/>\n\t<meta property=\"og:image:width\" content=\"1036\" \/>\n\t<meta property=\"og:image:height\" content=\"1404\" \/>\n\t<meta property=\"og:image:type\" content=\"image\/png\" \/>\n<meta name=\"twitter:card\" content=\"summary_large_image\" \/>\n<meta name=\"twitter:label1\" content=\"Gesch\u00e4tzte Lesezeit\" \/>\n\t<meta name=\"twitter:data1\" content=\"1\u00a0Minute\" \/>\n<script type=\"application\/ld+json\" class=\"yoast-schema-graph\">{\"@context\":\"https:\/\/schema.org\",\"@graph\":[{\"@type\":\"WebPage\",\"@id\":\"http:\/\/www.aneta.jetzt\/?page_id=110\",\"url\":\"http:\/\/www.aneta.jetzt\/?page_id=110\",\"name\":\"Sensible Room - Living Picture\",\"isPartOf\":{\"@id\":\"http:\/\/www.aneta.jetzt\/#website\"},\"primaryImageOfPage\":{\"@id\":\"http:\/\/www.aneta.jetzt\/?page_id=110#primaryimage\"},\"image\":{\"@id\":\"http:\/\/www.aneta.jetzt\/?page_id=110#primaryimage\"},\"thumbnailUrl\":\"http:\/\/www.aneta.jetzt\/wp-content\/uploads\/2020\/12\/Bildschirmfoto-2020-12-16-um-14.31.29.png\",\"datePublished\":\"2020-12-16T13:31:34+00:00\",\"dateModified\":\"2020-12-17T23:51:04+00:00\",\"breadcrumb\":{\"@id\":\"http:\/\/www.aneta.jetzt\/?page_id=110#breadcrumb\"},\"inLanguage\":\"de\",\"potentialAction\":[{\"@type\":\"ReadAction\",\"target\":[\"http:\/\/www.aneta.jetzt\/?page_id=110\"]}]},{\"@type\":\"ImageObject\",\"inLanguage\":\"de\",\"@id\":\"http:\/\/www.aneta.jetzt\/?page_id=110#primaryimage\",\"url\":\"http:\/\/www.aneta.jetzt\/wp-content\/uploads\/2020\/12\/Bildschirmfoto-2020-12-16-um-14.31.29.png\",\"contentUrl\":\"http:\/\/www.aneta.jetzt\/wp-content\/uploads\/2020\/12\/Bildschirmfoto-2020-12-16-um-14.31.29.png\",\"width\":1036,\"height\":1404},{\"@type\":\"BreadcrumbList\",\"@id\":\"http:\/\/www.aneta.jetzt\/?page_id=110#breadcrumb\",\"itemListElement\":[{\"@type\":\"ListItem\",\"position\":1,\"name\":\"Startseite\",\"item\":\"http:\/\/www.aneta.jetzt\/\"},{\"@type\":\"ListItem\",\"position\":2,\"name\":\"Sensible Room\"}]},{\"@type\":\"WebSite\",\"@id\":\"http:\/\/www.aneta.jetzt\/#website\",\"url\":\"http:\/\/www.aneta.jetzt\/\",\"name\":\"Living Picture\",\"description\":\"\",\"publisher\":{\"@id\":\"http:\/\/www.aneta.jetzt\/#\/schema\/person\/4ea909d89f15635d963dca48fc874a84\"},\"potentialAction\":[{\"@type\":\"SearchAction\",\"target\":{\"@type\":\"EntryPoint\",\"urlTemplate\":\"http:\/\/www.aneta.jetzt\/?s={search_term_string}\"},\"query-input\":{\"@type\":\"PropertyValueSpecification\",\"valueRequired\":true,\"valueName\":\"search_term_string\"}}],\"inLanguage\":\"de\"},{\"@type\":[\"Person\",\"Organization\"],\"@id\":\"http:\/\/www.aneta.jetzt\/#\/schema\/person\/4ea909d89f15635d963dca48fc874a84\",\"name\":\"admin\",\"image\":{\"@type\":\"ImageObject\",\"inLanguage\":\"de\",\"@id\":\"http:\/\/www.aneta.jetzt\/#\/schema\/person\/image\/\",\"url\":\"http:\/\/www.aneta.jetzt\/wp-content\/uploads\/2020\/12\/dragonfly512.png\",\"contentUrl\":\"http:\/\/www.aneta.jetzt\/wp-content\/uploads\/2020\/12\/dragonfly512.png\",\"width\":512,\"height\":372,\"caption\":\"admin\"},\"logo\":{\"@id\":\"http:\/\/www.aneta.jetzt\/#\/schema\/person\/image\/\"},\"sameAs\":[\"http:\/\/www.aneta.jetzt\"]}]}<\/script>\n<!-- \/ Yoast SEO plugin. -->","yoast_head_json":{"title":"Sensible Room - Living Picture","robots":{"index":"index","follow":"follow","max-snippet":"max-snippet:-1","max-image-preview":"max-image-preview:large","max-video-preview":"max-video-preview:-1"},"canonical":"http:\/\/www.aneta.jetzt\/?page_id=110","og_locale":"de_DE","og_type":"article","og_title":"Sensible Room - Living Picture","og_description":"Imagine All the Data, Gruppenausstellung, Heiligenkreuzerhof, Wien, Oktober 2018 &#8222;Bomb all the Servers\u201cSiebdrucke&#8222;Sensible Room\u201c&nbsp; Raum Video Installation&nbsp; IMAGINE ALL THE DATA Cyberaktivismus und Widerstand in der digitalen Welt Eine Ausstellung der Studierenden der Abteilung kkp (Kunst und Kommunikative Praxis) der Universit\u00e4t f\u00fcr angewandte Kunst Wien:Rosie Benn, Jakob Brandst\u00e4tter, Julia Fromm, Milena R. Heussler, Aneta Luberda, &hellip;","og_url":"http:\/\/www.aneta.jetzt\/?page_id=110","og_site_name":"Living Picture","article_modified_time":"2020-12-17T23:51:04+00:00","og_image":[{"width":1036,"height":1404,"url":"http:\/\/www.aneta.jetzt\/wp-content\/uploads\/2020\/12\/Bildschirmfoto-2020-12-16-um-14.31.29.png","type":"image\/png"}],"twitter_card":"summary_large_image","twitter_misc":{"Gesch\u00e4tzte Lesezeit":"1\u00a0Minute"},"schema":{"@context":"https:\/\/schema.org","@graph":[{"@type":"WebPage","@id":"http:\/\/www.aneta.jetzt\/?page_id=110","url":"http:\/\/www.aneta.jetzt\/?page_id=110","name":"Sensible Room - Living Picture","isPartOf":{"@id":"http:\/\/www.aneta.jetzt\/#website"},"primaryImageOfPage":{"@id":"http:\/\/www.aneta.jetzt\/?page_id=110#primaryimage"},"image":{"@id":"http:\/\/www.aneta.jetzt\/?page_id=110#primaryimage"},"thumbnailUrl":"http:\/\/www.aneta.jetzt\/wp-content\/uploads\/2020\/12\/Bildschirmfoto-2020-12-16-um-14.31.29.png","datePublished":"2020-12-16T13:31:34+00:00","dateModified":"2020-12-17T23:51:04+00:00","breadcrumb":{"@id":"http:\/\/www.aneta.jetzt\/?page_id=110#breadcrumb"},"inLanguage":"de","potentialAction":[{"@type":"ReadAction","target":["http:\/\/www.aneta.jetzt\/?page_id=110"]}]},{"@type":"ImageObject","inLanguage":"de","@id":"http:\/\/www.aneta.jetzt\/?page_id=110#primaryimage","url":"http:\/\/www.aneta.jetzt\/wp-content\/uploads\/2020\/12\/Bildschirmfoto-2020-12-16-um-14.31.29.png","contentUrl":"http:\/\/www.aneta.jetzt\/wp-content\/uploads\/2020\/12\/Bildschirmfoto-2020-12-16-um-14.31.29.png","width":1036,"height":1404},{"@type":"BreadcrumbList","@id":"http:\/\/www.aneta.jetzt\/?page_id=110#breadcrumb","itemListElement":[{"@type":"ListItem","position":1,"name":"Startseite","item":"http:\/\/www.aneta.jetzt\/"},{"@type":"ListItem","position":2,"name":"Sensible Room"}]},{"@type":"WebSite","@id":"http:\/\/www.aneta.jetzt\/#website","url":"http:\/\/www.aneta.jetzt\/","name":"Living Picture","description":"","publisher":{"@id":"http:\/\/www.aneta.jetzt\/#\/schema\/person\/4ea909d89f15635d963dca48fc874a84"},"potentialAction":[{"@type":"SearchAction","target":{"@type":"EntryPoint","urlTemplate":"http:\/\/www.aneta.jetzt\/?s={search_term_string}"},"query-input":{"@type":"PropertyValueSpecification","valueRequired":true,"valueName":"search_term_string"}}],"inLanguage":"de"},{"@type":["Person","Organization"],"@id":"http:\/\/www.aneta.jetzt\/#\/schema\/person\/4ea909d89f15635d963dca48fc874a84","name":"admin","image":{"@type":"ImageObject","inLanguage":"de","@id":"http:\/\/www.aneta.jetzt\/#\/schema\/person\/image\/","url":"http:\/\/www.aneta.jetzt\/wp-content\/uploads\/2020\/12\/dragonfly512.png","contentUrl":"http:\/\/www.aneta.jetzt\/wp-content\/uploads\/2020\/12\/dragonfly512.png","width":512,"height":372,"caption":"admin"},"logo":{"@id":"http:\/\/www.aneta.jetzt\/#\/schema\/person\/image\/"},"sameAs":["http:\/\/www.aneta.jetzt"]}]}},"_links":{"self":[{"href":"http:\/\/www.aneta.jetzt\/index.php?rest_route=\/wp\/v2\/pages\/110","targetHints":{"allow":["GET"]}}],"collection":[{"href":"http:\/\/www.aneta.jetzt\/index.php?rest_route=\/wp\/v2\/pages"}],"about":[{"href":"http:\/\/www.aneta.jetzt\/index.php?rest_route=\/wp\/v2\/types\/page"}],"author":[{"embeddable":true,"href":"http:\/\/www.aneta.jetzt\/index.php?rest_route=\/wp\/v2\/users\/1"}],"replies":[{"embeddable":true,"href":"http:\/\/www.aneta.jetzt\/index.php?rest_route=%2Fwp%2Fv2%2Fcomments&post=110"}],"version-history":[{"count":3,"href":"http:\/\/www.aneta.jetzt\/index.php?rest_route=\/wp\/v2\/pages\/110\/revisions"}],"predecessor-version":[{"id":269,"href":"http:\/\/www.aneta.jetzt\/index.php?rest_route=\/wp\/v2\/pages\/110\/revisions\/269"}],"wp:featuredmedia":[{"embeddable":true,"href":"http:\/\/www.aneta.jetzt\/index.php?rest_route=\/wp\/v2\/media\/111"}],"wp:attachment":[{"href":"http:\/\/www.aneta.jetzt\/index.php?rest_route=%2Fwp%2Fv2%2Fmedia&parent=110"}],"curies":[{"name":"wp","href":"https:\/\/api.w.org\/{rel}","templated":true}]}}